131
What is 82 + (-86 - 7) + -6 + 6 + (-63 - -1)?
-73
What is -9 + 14 + (8 - 12) + -34 + -1 - 8?
-42
Evaluate -2 + -26 - (-12 + 40) - -5.
-51
What is the value of 29 + -1 - ((-5 - 12) + 38)?
7
82 + -100 + (0 - (2 + -3))
-17
What is 32 - (0 + (-12 - (-2 - 5)) + (9 - 16))?
44
Calculate (-14 - (14 - (42 + -1))) + -20 + 38.
31
Calculate -78 + -24 + 65 + 35.
-2
Calculate 24 - (-47 + 38 + -24 - (16 + 0)).
73
42 + (0 - (6 + 3) - (-23 - -21))
35
What is 16 - (80 - 44) - (-5 + -127 + 2)?
110
Evaluate 12 - ((13 - (-18 + -3)) + -7) - -44.
29
27 - ((5 - -8) + (26 + -17 - 28))
33
Evaluate 19 + (23 - 44) - 48.
-50
Evaluate -41 + -8 + (-4 - 0) + (25 - 27).
-55
Calculate 10 + 3 + -4 - 11 - -9 - -60.
67
What is -14 - (34 - (-45 + 3)) - 24?
-114
Calculate (-97 - -27) + (-17 - ((-2 - -10) + -28)).
-67
(4 - (133 + -4)) + (-40 - (-36 + -14))
-115
-4 - -7 - (885 + -813)
-69
What is -15 + 2 + -3 + 0 + -17 + 90 + -79?
-22
Evaluate 34 - (-13 + 56 + -54).
45
What is the value of 5 - -5 - ((27 - 35) + 43 + -21)?
-4
Calculate 6 + -41 + (65 - 64) + 7 + (1 - 2).
-28
What is the value of 56 + -48 + (3 - (-42 - -2))?
51
What is (-18 + 7 - 7) + 12 + -5?
-11
Evaluate ((-27 - -16) + -19 - -121) + -14.
77
Evaluate (1849 - 1862) + (-2 - (49 - -3)).
-67
What is the value of -12 + (6 - (-35 + 22 - -20))?
-13
What is 79 - 11 - (24 + -36 + 28 + 4)?
48
Calculate 109 - (-45 - (-62 + -131)).
-39
What is (-218 - -220) + (5 + (-8 - -1) - (1 + -2))?
1
Calculate 0 - 50 - (-201 + 162).
-11
What is 98 + -50 - (44 + -63)?
67
What is 30 - (-33 - (-77 + 73))?
59
Evaluate 2 + (11 - 1) - (-420 + 526) - 10.
-104
What is 69 + (-19 - 8 - 2) + -14?
26
What is -565 - -540 - (-7 - 6)?
-12
Calculate (22 - 17) + 45 - -4.
54
0 + -55 - (-2105 + 2078)
-28
Calculate -6 + -12 + (9 - (3 - 20)) - 9 - 38.
-39
What is the value of 142 + (-112 - 15) + 3 + 0?
18
Calculate -34 + 24 - (27 - (3 + -4 - -12)).
-26
What is the value of -132 + 161 - (-21 - -20)?
30
13 + 0 + (-82 - -156 - 59)
28
Calculate (-97 - (-53 + 86)) + 73.
-57
What is the value of -62 - (5 - (-1 + 0 + -3 - -5))?
-66
What is the value of 4 + -8 + 5 - (-391 - -372)?
20
What is the value of (-28 - (16 + -74)) + 20?
50
Evaluate -229 + 284 - ((-14 + 11 - 11) + (5 - -2)).
62
(-82 - (-107 + 12)) + (-103 - -8 - (3 - 2))
-83
What is 65 + 1 + (-2 - -2) - (-4414 + 4420)?
60
-4 + (1626 + -1622 - (1 + 11))
-12
(20 - 5) + -29 - -2 - -65
53
Evaluate -28 + (102 - 28) + 16 + (7 - 12).
57
What is the value of (7 - (-7 - (5 - 13))) + (2 - 7 - -40)?
41
Evaluate -6 + (-23 - -29) + 23.
23
What is -12 + 0 + 2 + -854 + 861 - -84?
81
What is the value of 4 - (2 + -22 - -20) - 2?
2
(53 - 10) + -83 + 18
-22
2 - 0 - 1 - (15053 + -15062)
10
-74 + 25 + -8 + (16 - 22)
-63
Evaluate 4 + 9 - (-11 + 38 + 32).
-46
What is the value of -1 + (-22 - ((-6 - 11) + 2)) - -47?
39
Evaluate 15 + (-50 - (-67 - -5)) + -13.
14
Calculate (-95 - 1) + (-3085 - -3121).
-60
106 - (129 - 46) - (-4 - 26)
53
Evaluate 851 + -837 + (-1 - 21) + -6.
-14
What is the value of 2 + (5 + -4 - 29 - 25)?
-51
What is (4 - 1 - ((-24 - 18 - -21) + 35)) + -49?
-60
Evaluate -59 - (9 + -12 - 26 - -20).
-50
Evaluate -10 - -15 - (13 - 7) - (15 + -21 + -62).
67
-29 + (-43 - (-72 - 16))
16
Calculate -31 + (37 + -25 + -16 - (12 - 2)).
-45
What is (24 - (45 - 13)) + -4 + (-37 - -6)?
-43
What is the value of (6 - 3) + (32 - -1) + (-24 - (10 - 29))?
31
Calculate -6 - (8 + -39) - (-6 + 3 + -7 + 5).
30
Evaluate (-20 - 1) + 3 + (39 - (-140 - -173)).
-12
What is the value of -51 - (20 + -52) - (-8 + 2)?
-13
What is the value of -10 - ((20 - 90) + 86)?
-26
Calculate -1 + 8 - (15 + -19 + (6 - (-4 + 4))).
5
What is the value of (1 + -1 + 0 - -69) + -320307 + 320284?
46
Calculate -4 - -76 - (17 - (13 + (43 - 27))).
84
Evaluate 7 + -19 + (-3 - -16 - -2) - -84.
87
What is 842 + -864 + (-6 - 0) - -62?
34
Calculate -41 + 0 + 3 + 3563 + -3577.
-52
Evaluate 21 + 67 + (-52 - 30).
6
(30 - -1 - (-1494 - -1533)) + (7 - 1)
-2
Evaluate -13 + -9 + -33 + 54.
-1
Calculate (0 - 1 - (3 - 30)) + (-542 - -539).
23
What is the value of -45 + (-61 - -142) + 106 - (-1 + 10)?
133
Evaluate -108 - -110 - (17 + -53).
38
14 - 36 - (16 + (-10 - 40))
12
Evaluate 104 - 84 - (-7 + 4 - 14).
37
-137 + (14 + -3 + 43 + -47 - -7)
-123
What is 3 + -2 + 0 - (43 + -7 + 4 + 9)?
-48
Calculate -88 - (27 + -176) - (-1 + -16).
78
Evaluate 31 + (-18 - -25) + (-5 - (-3 + 3)) - -7.
40
10 - 2 - (-1552 + 1605)
-45
Evaluate -13 - (-41 + 55) - -44.
17
What is 39 - (-10 + -9 - -16) - 21?
21
What is -41 + 5 + (17 - (-3 - ((1 - 11) + -4)))?
-30
What is the value of 10 - 2 - (0 + (-1 - 0) - (-1 - -3))?
11
What is -1 - -8 - ((19 - (-9 + -21 + 44)) + 66)?
-64
What is the value of (60 - 64 - 49) + 67?
14
What is the value of 5 + -1 + -44 + 46 + 29?
35
Evaluate -6 + -1 - (-15 - (64 - -8 - 14) - -3).
63
What is -19 - (23 + (-9 - (-76 + 24)))?
-85
What is 0 + 81 + -1 + -49712 + 49711?
79
Calculate -12 - ((-2 - -7) + (85 - 140)).
38
Evaluate (-15 - (-12 - (-2 - -6))) + -20.
-19
52 + -31 - -82 - 60
43
What is the value of -58 + 8 + (59 - 10)?
-1
Evaluate -16 + 12 + 139 + -11 + (-25 - -15).
114
Evaluate (-67 - 13) + 56 + -22 + 0.
-46
What is the value of 2 + (8 - (15 + -8 - 12 - -12)) + 10?
13
What is the value of -18 + (14 - 30 - -14 - 3) - -17?
-6
Evaluate (-1 + 11 - 28 - -23) + 42.
47
What is the value of 16 + -34 + -27 + 15 - 88?
-118
What is the value of (-21 + 2 - (14 + (29 - 1))) + 11?
-50
What is the value of 13 - (144 - (30 - -65))?
-36
Evaluate (-3 - 106) + -41 + 42 + (12 - 17) + -2.
-115
Evaluate 25 - (-1 - -36 - (-4 - -25)).
11
What is 63 + (88 - 123) + (0 - -7 - 2) + 1?
34
Evaluate 54 + (0 - (42 + -26 + -26)).
64
What is -111 + 106 + (4 - (1 - 0) - -20)?
18
Calculate 50 + (-10 - 18 - -15) + 5.
42
Evaluate -28 + 2 + (84 - 1) - 27.
30
What is -27 + 36 + -99 + 42?
-48
(-58 + 9 - -76) + -143
-116
What is the value of 1 - 70 - (-9356 + 9332)?
-45
What is the value of -1 - -147 - (62 - ((-51 - -62) + 44))?
139
Calculate -12 + -74 + 42 + -38 + 31.
-51
What is -68 - (-140 + -3 + 150)?
-75
What is the value of 1497 - 1485 - (-1 + -98) - (26 - 1)?
86
6 + -6 + 3 - (1 + (2 + 14 - 19))
5
Calculate 37 + -1 - (-14 + -79 + 108).
21
Evaluate (-2 - 6 - (-4 + -4 + 6)) + (-541 - -476).
-71
Evaluate 1 - (-18 + -16 + 10 + 5).
20
What is (-12 - (-7 + -1) - -12) + -21?
-13
Calculate -1 + -5 + (13 - 29) + 37.
15
What is the value of -27 + (44 + 2 - 13) + (-1 + 0 - 0)?
5
What is (-26 + 42 - 5) + (-4 - (0 + -27) - 2)?
32
(59 - -12) + 312 + -325
58
Evaluate 8 - (56 + -7 + 0) - (-3 + -5 + 16).
-49
Evaluate (-5 - -14) + (33 - (43 - 116)).
115
Calculate -34 + -57 + (-8 + (-6 - -12) + 3 - 14).
-104
(-5 - 2) + (1 - 4) + (18 - (-18 - -76))
-50
What is the value of -1 + -17 - (-99 + -97 + 216)?
-38
Evaluate 4 + 0 + (27 + -75 - -41) + 116 + -10.
103
Calculate (1 - ((-6 - -1 - -2) + 16)) + -50 + 53.
-9
What is the value of (14 - 16) + 26 + (-6 + 1 + 4 - 3)?
20
What is the value of 0 - ((-96 - (-22 - -13 - 7)) + -9)?
89
What is the value of (41 - (25 + -9)) + -39?
-14
What is -83 - (-48 + 18 + -14)?
-39
What is the value of 15 + 5 - 4 - (-40 + (-6 - 1))?
63
Evaluate 106 + -42 - 28 - 33.
3
-190 + 169 - (3 - -29)
-53
2 - 98 - (-29 - (-16 - (52 - 40)))
-95
What is the value of 11 + 2 + -213 + 164 - (0 + 12)?
-48
Calculate 1 + -16 + 50 + -39 + -14 + 21.
3
Evaluate 19 + (0 - -5 - -1) - (11 + (-19 - -13)).
20
What is the value of -10 - (27 + -15 + -30 - -20 - (1 + 105))?
94
(86 - 44) + -47 + 10
5
Evaluate 36 - (5 + -3) - (-10073 + 10086).
21
Calculate (-2 + -5 - (5 + -1)) + (26 - 27).
-12
What is -24 + 105 + -46 + 2?
37
Calculate 38 - 0 - (45 + -53 - 4).
50
What is -8 + -73 + (52 + -26 - 36)?
-91
Evaluate 0 - (-22 - (26 + -59) - (6 + -103 + 3)).
-105
What is -2 - -7 - ((-16 - -33) + -15)?
3
Evaluate (16 - 16) + (-124 + -9 + 20 - 3).
-116
-3 + (-3 - -17 - -3) - (121 - (26 - 6))
-87
What is -49 + (23 + 1 - -70)?
45
Evaluate -4 - -6 - -37 - (201 + -197).
35
What is (36 + -4 - 22) + 42 - 8?
44
What is 4 + -54 + (-12 - ((-26 - -3) + -4))?
-35
What is the value of (18 - -1 - 14 - 15) + -1?
-11
What is -6 + -5 - -83 - (323 - 371)?
120
Calculate (-115 - -94 - 46) + 16.
-51
What is (42 - 49) + -31 - -22?
-16
(-12 - (5 - 3 - -2)) + 70
54
-15 + 2 - (-6 - -13)
-20
Evaluate -3 + (-13 - (8 - 11 - 4)) + -41.
-50
Evaluate (83 - (45 + 12)) + 